--
-- Host: localhost    Database: gad_quiroga
-- ------------------------------------------------------


--
-- Table structure for table `configuracion`
--

CREATE TABLE `configuracion` (
  `id` int NOT NULL AUTO_INCREMENT,
  `clave` varchar(100) COLLATE utf8mb4_unicode_ci NOT NULL,
  `valor` text COLLATE utf8mb4_unicode_ci,
  PRIMARY KEY (`id`),
  UNIQUE KEY `clave` (`clave`)
) ENGINE=InnoDB AUTO_INCREMENT=13 DEFAULT CHARSET=utf8mb4 COLLATE=utf8mb4_unicode_ci;

--
-- Dumping data for table `configuracion`
--

INSERT INTO `configuracion` VALUES (1,'nombre_sitio','GAD Parroquial de Quiroga'),(2,'slogan','Trabajando por nuestra comunidad'),(3,'email','gadp.quiroga@gmail.com'),(4,'horario','08h00 a 17h00'),(5,'telefono',''),(6,'direccion','Quiroga, Cotacachi, Imbabura, Ecuador'),(7,'facebook',''),(8,'youtube',''),(9,'color_primario','#1a5276'),(10,'color_secundario','#2e86c1'),(11,'video_gad',''),(12,'logo','logo.jpg');

--
-- Table structure for table `media`
--

CREATE TABLE `media` (
  `id` int NOT NULL AUTO_INCREMENT,
  `nombre_original` varchar(255) COLLATE utf8mb4_unicode_ci DEFAULT NULL,
  `nombre_archivo` varchar(255) COLLATE utf8mb4_unicode_ci DEFAULT NULL,
  `tipo` varchar(50) COLLATE utf8mb4_unicode_ci DEFAULT NULL,
  `tamanio` int DEFAULT NULL,
  `created_at` timestamp NULL DEFAULT CURRENT_TIMESTAMP,
  PRIMARY KEY (`id`)
) ENGINE=InnoDB DEFAULT CHARSET=utf8mb4 COLLATE=utf8mb4_unicode_ci;

--
-- Dumping data for table `media`
--


--
-- Table structure for table `menus`
--

CREATE TABLE `menus` (
  `id` int NOT NULL AUTO_INCREMENT,
  `nombre` varchar(100) COLLATE utf8mb4_unicode_ci NOT NULL,
  `slug` varchar(100) COLLATE utf8mb4_unicode_ci DEFAULT NULL,
  `url` varchar(255) COLLATE utf8mb4_unicode_ci DEFAULT NULL,
  `orden` int DEFAULT '0',
  `activo` tinyint(1) DEFAULT '1',
  PRIMARY KEY (`id`)
) ENGINE=InnoDB AUTO_INCREMENT=8 DEFAULT CHARSET=utf8mb4 COLLATE=utf8mb4_unicode_ci;

--
-- Dumping data for table `menus`
--

INSERT INTO `menus` VALUES (1,'INICIO','inicio','/',1,1),(2,'LA PARROQUIA','la-parroquia','#',2,1),(3,'GAD','gad','#',3,1),(4,'TRANSPARENCIA','transparencia','#',4,1),(5,'GESTIÓN Y PRESUPUESTO','gestion','#',5,1),(6,'MECANISMOS DE PARTICIPACIÓN','participacion','#',6,1),(7,'TURISMO','turismo','/pagina/turismo',7,1);

--
-- Table structure for table `noticias`
--

CREATE TABLE `noticias` (
  `id` int NOT NULL AUTO_INCREMENT,
  `titulo` varchar(200) COLLATE utf8mb4_unicode_ci NOT NULL,
  `slug` varchar(200) COLLATE utf8mb4_unicode_ci NOT NULL,
  `resumen` text COLLATE utf8mb4_unicode_ci,
  `contenido` longtext COLLATE utf8mb4_unicode_ci,
  `imagen` varchar(255) COLLATE utf8mb4_unicode_ci DEFAULT NULL,
  `activo` tinyint(1) DEFAULT '1',
  `created_at` timestamp NULL DEFAULT CURRENT_TIMESTAMP,
  PRIMARY KEY (`id`),
  UNIQUE KEY `slug` (`slug`)
) ENGINE=InnoDB DEFAULT CHARSET=utf8mb4 COLLATE=utf8mb4_unicode_ci;

--
-- Dumping data for table `noticias`
--


--
-- Table structure for table `paginas`
--

CREATE TABLE `paginas` (
  `id` int NOT NULL AUTO_INCREMENT,
  `titulo` varchar(200) COLLATE utf8mb4_unicode_ci NOT NULL,
  `slug` varchar(200) COLLATE utf8mb4_unicode_ci NOT NULL,
  `contenido` longtext COLLATE utf8mb4_unicode_ci,
  `estilo` varchar(50) COLLATE utf8mb4_unicode_ci DEFAULT 'clasico',
  `imagen_portada` varchar(255) COLLATE utf8mb4_unicode_ci DEFAULT '',
  `video_url` varchar(500) COLLATE utf8mb4_unicode_ci DEFAULT '',
  `galeria` longtext COLLATE utf8mb4_unicode_ci,
  `activo` tinyint(1) DEFAULT '1',
  `created_at` timestamp NULL DEFAULT CURRENT_TIMESTAMP,
  `updated_at` timestamp NULL DEFAULT CURRENT_TIMESTAMP ON UPDATE CURRENT_TIMESTAMP,
  PRIMARY KEY (`id`),
  UNIQUE KEY `slug` (`slug`)
) ENGINE=InnoDB AUTO_INCREMENT=36 DEFAULT CHARSET=utf8mb4 COLLATE=utf8mb4_unicode_ci;

--
-- Dumping data for table `paginas`
--

INSERT INTO `paginas` VALUES (1,'Historia Antigua','historia-antigua','<h2>Historia Antigua de Quiroga</h2>\r\n<p>La parroquia Quiroga se encuentra ubicada en el cantón Cotacachi, provincia de Imbabura. Edita este contenido desde el panel de administración para agregar la historia real de la parroquia.</p>\r\n<h3>Orígenes</h3>\r\n<p>Contenido sobre los orígenes de la parroquia...</p>\r\n<h3>Época Colonial</h3>\r\n<p>Contenido sobre la época colonial...</p>','portada','','',NULL,1,'2026-02-25 17:39:31','2026-02-25 17:39:31'),(2,'Historia Actual','historia-actual','<h2>Historia Actual de Quiroga</h2>\r\n<p>Edita este contenido desde el panel de administración.</p>','clasico','','',NULL,1,'2026-02-25 17:39:31','2026-02-25 17:39:31'),(3,'Símbolos Cívicos','simbolos-civicos','<h2>Símbolos Cívicos de Quiroga</h2>\r\n<h3>Bandera</h3><p>Descripción de la bandera...</p>\r\n<h3>Escudo</h3><p>Descripción del escudo...</p>\r\n<h3>Himno</h3><p>Letra del himno...</p>','clasico','','',NULL,1,'2026-02-25 17:39:31','2026-02-25 17:39:31'),(4,'Ubicación','ubicacion','<h2>Ubicación Geográfica</h2>\r\n<p>La parroquia Quiroga se localiza en el cantón Cotacachi, provincia de Imbabura, Ecuador.</p>\r\n<h3>Coordenadas</h3><p>Latitud: 0°20\'N — Longitud: 78°15\'O</p>\r\n<h3>Límites</h3>\r\n<p>Norte: ... | Sur: ... | Este: ... | Oeste: ...</p>','clasico','','',NULL,1,'2026-02-25 17:39:31','2026-02-25 17:39:31'),(5,'Clima','clima','<h2>Clima de Quiroga</h2>\r\n<p>La parroquia Quiroga goza de un clima templado andino con temperaturas que oscilan entre los 12°C y 22°C.</p>','clasico','','',NULL,1,'2026-02-25 17:39:31','2026-02-25 17:39:31'),(6,'Misión y Visión','mision-vision','<h2>Misión</h2>\r\n<p>Impulsar el desarrollo integral, sostenible y equitativo de la parroquia Quiroga, mediante una gestión participativa, transparente y eficiente de los recursos públicos.</p>\r\n<h2>Visión</h2>\r\n<p>Ser un GAD Parroquial modelo de gestión democrática y participativa, que lidere el desarrollo socioeconómico y cultural de Quiroga para el año 2030.</p>','tarjetas','','',NULL,1,'2026-02-25 17:39:31','2026-02-25 17:39:31'),(7,'Nuestro Equipo','nuestro-equipo','<h2>Equipo de Trabajo</h2>\r\n<p>Conoce al equipo del GAD Parroquial de Quiroga comprometido con el desarrollo de nuestra comunidad.</p>\r\n<h3>Presidente</h3><p>Nombre del presidente...</p>\r\n<h3>Vocales</h3><p>Listado de vocales...</p>\r\n<h3>Secretaria-Tesorera</h3><p>Nombre del cargo...</p>','tarjetas','','',NULL,1,'2026-02-25 17:39:31','2026-02-25 17:39:31'),(8,'Máxima Autoridad','maxima-autoridad','<h2>Máxima Autoridad</h2>\r\n<p>Edita este contenido desde el panel de administración para agregar información sobre la máxima autoridad.</p>','portada','','',NULL,1,'2026-02-25 17:39:31','2026-02-25 17:39:31'),(9,'Plan de Desarrollo y Ordenamiento Territorial','pdot','<h2>PDOT - Plan de Desarrollo y Ordenamiento Territorial</h2>\r\n<p>El Plan de Desarrollo y Ordenamiento Territorial es el instrumento de planificación que orienta el proceso de desarrollo del territorio de la parroquia Quiroga.</p>','clasico','','',NULL,1,'2026-02-25 17:39:31','2026-02-25 17:39:31'),(10,'Base Legal','base-legal','<h2>Base Legal</h2>\r\n<h3>Constitución de la República</h3><p>Art. 267 de la Constitución...</p>\r\n<h3>COOTAD</h3><p>Código Orgánico de Organización Territorial...</p>\r\n<h3>COPFP</h3><p>Código Orgánico de Planificación y Finanzas Públicas...</p>','clasico','','',NULL,1,'2026-02-25 17:39:31','2026-02-25 17:39:31'),(11,'Comisión','comision','<h2>Comisión</h2>\r\n<p>Edita este contenido desde el panel de administración.</p>','clasico','','',NULL,1,'2026-02-25 17:39:31','2026-02-25 17:39:31'),(12,'LOTAIP','lotaip','<h2>LOTAIP - Ley Orgánica de Transparencia y Acceso a la Información Pública</h2>\r\n<p>En cumplimiento con la LOTAIP, el GAD Parroquial de Quiroga publica la siguiente información:</p>\r\n<h3>Art. 7 literal a) - Estructura Orgánica</h3><p>Información disponible próximamente...</p>\r\n<h3>Art. 7 literal b) - Directorio</h3><p>Información disponible próximamente...</p>\r\n<h3>Art. 7 literal c) - Remuneraciones</h3><p>Información disponible próximamente...</p>','clasico','','',NULL,1,'2026-02-25 17:39:31','2026-02-25 17:39:31'),(13,'Rendición de Cuentas','rendicion-cuentas','<h2>Rendición de Cuentas</h2>\r\n<p>Fases de gestión y resultados ejecutados por la institución en cumplimiento de sus competencias.</p>','clasico','','',NULL,1,'2026-02-25 17:39:31','2026-02-25 17:39:31'),(14,'Presupuesto Participativo','presupuesto-participativo','<h2>Presupuesto Participativo</h2>\r\n<p>Metodología para la construcción del Presupuesto Parroquial con participación ciudadana.</p>','clasico','','',NULL,1,'2026-02-25 17:39:31','2026-02-25 17:39:31'),(15,'Cumplimiento Institucional','cumplimiento-institucional','<h2>Cumplimiento Institucional</h2>\r\n<p>Información sobre el cumplimiento de metas y objetivos institucionales.</p>','clasico','','',NULL,1,'2026-02-25 17:39:31','2026-02-25 17:39:31'),(16,'Distributivo de Personal','distributivo-personal','<h2>Distributivo de Personal</h2>\r\n<p>Detalle del personal vinculado al GAD Parroquial de Quiroga y sus funciones.</p>','clasico','','',NULL,1,'2026-02-25 17:39:31','2026-02-25 17:39:31'),(17,'Sesiones Ordinarias','sesiones-ordinarias','<h2>Sesiones Ordinarias</h2>\r\n<p>Actas y resoluciones de las sesiones ordinarias del GAD Parroquial de Quiroga.</p>','clasico','','',NULL,1,'2026-02-25 17:39:31','2026-02-25 17:39:31'),(18,'Sesiones Extraordinarias','sesiones-extraordinarias','<h2>Sesiones Extraordinarias</h2>\r\n<p>Actas y resoluciones de las sesiones extraordinarias.</p>','clasico','','',NULL,1,'2026-02-25 17:39:31','2026-02-25 17:39:31'),(19,'Resoluciones','resoluciones','<h2>Resoluciones</h2>\r\n<p>Listado de resoluciones emitidas por el GAD Parroquial de Quiroga.</p>','clasico','','',NULL,1,'2026-02-25 17:39:31','2026-02-25 17:39:31'),(20,'Convocatorias','convocatorias','<h2>Convocatorias</h2>\r\n<p>Convocatorias emitidas por el GAD Parroquial de Quiroga.</p>','clasico','','',NULL,1,'2026-02-25 17:39:31','2026-02-25 17:39:31'),(21,'Plan Anual de Contratación - PAC','pac','<h2>Plan Anual de Contratación - PAC</h2>\r\n<p>Planificación anual de los procesos de contratación pública del GAD Parroquial de Quiroga.</p>','clasico','','',NULL,1,'2026-02-25 17:39:31','2026-02-25 17:39:31'),(22,'Plan Operativo Anual - POA','poa','<h2>Plan Operativo Anual - POA</h2>\r\n<p>Plan Operativo Anual del GAD Parroquial de Quiroga.</p>','clasico','','',NULL,1,'2026-02-25 17:39:31','2026-02-25 17:39:31'),(23,'Presupuesto Institucional','presupuesto-institucional','<h2>Presupuesto Institucional</h2>\r\n<p>Información sobre la planificación y ejecución presupuestaria del GAD Parroquial de Quiroga.</p>','clasico','','',NULL,1,'2026-02-25 17:39:31','2026-02-25 17:39:31'),(24,'Procesos de Contratación','procesos-de-contratacion','<h2>Procesos de Contratación</h2>\r\n<p>Información sobre los procesos de contratación pública realizados por el GAD.</p>','clasico','','',NULL,1,'2026-02-25 17:39:31','2026-02-25 17:39:31'),(25,'Obras y Proyectos','obras-proyectos','<h2>Obras y Proyectos</h2>\r\n<p>Listado de obras y proyectos ejecutados por el GAD Parroquial de Quiroga.</p>','galeria','','',NULL,1,'2026-02-25 17:39:31','2026-02-25 17:39:31'),(26,'Convenios Institucionales','convenios','<h2>Convenios Institucionales</h2>\r\n<p>Acuerdos, cooperación y financiamiento interinstitucional del GAD Parroquial de Quiroga.</p>','clasico','','',NULL,1,'2026-02-25 17:39:31','2026-02-25 17:39:31'),(27,'Solicitud de Acceso a Información Pública','solicitud-informacion','<h2>Solicitud de Acceso a Información Pública</h2>\r\n<p>En ejercicio del derecho consagrado en la Constitución y la LOTAIP, puede solicitar información pública al GAD Parroquial de Quiroga.</p>\r\n<h3>¿Cómo solicitar información?</h3>\r\n<p>Puede presentar su solicitud de forma presencial en nuestras oficinas o enviando un correo a: <strong>gadp.quiroga@gmail.com</strong></p>\r\n<h3>Datos requeridos</h3>\r\n<p>• Nombres y apellidos del solicitante<br>• Número de cédula<br>• Información solicitada<br>• Forma de entrega</p>\r\n<h3>Plazo de respuesta</h3>\r\n<p>El GAD tiene un plazo de 10 días hábiles para responder su solicitud.</p>','clasico','','',NULL,1,'2026-02-25 17:39:31','2026-02-25 17:39:31'),(28,'Estado de Solicitud','estado-solicitud','<h2>Estado de Solicitud</h2>\r\n<p>Para consultar el estado de su solicitud, comuníquese con nosotros:</p>\r\n<p><strong>Email:</strong> gadp.quiroga@gmail.com</p>\r\n<p><strong>Horario de atención:</strong> 08h00 a 17h00</p>','clasico','','',NULL,1,'2026-02-25 17:39:31','2026-02-25 17:39:31'),(29,'Aplicativos','aplicativos','<h2>Aplicativos del GAD Parroquial</h2>\r\n<p>Listado de aplicativos y herramientas digitales disponibles para la ciudadanía.</p>','tarjetas','','',NULL,1,'2026-02-25 17:39:31','2026-02-25 17:39:31'),(30,'Turismo','turismo','<h2>Turismo en Quiroga</h2>\r\n<p>Quiroga es una parroquia con gran riqueza natural y cultural ubicada en el cantón Cotacachi, provincia de Imbabura.</p>\r\n<h3>Atractivos Turísticos</h3>\r\n<p>Edita este contenido para agregar los atractivos turísticos de Quiroga.</p>\r\n<h3>Cómo llegar</h3>\r\n<p>Información sobre cómo llegar a Quiroga...</p>','galeria','','',NULL,1,'2026-02-25 17:39:31','2026-02-25 17:39:31'),(31,'Contacto','contacto','<h2>Contáctenos</h2>\r\n<p><strong>GAD Parroquial de Quiroga</strong></p>\r\n<p><i class=\"fa fa-envelope\"></i> gadp.quiroga@gmail.com</p>\r\n<p><i class=\"fa fa-clock\"></i> Horario de atención: 08h00 a 17h00</p>\r\n<p><i class=\"fa fa-map-marker-alt\"></i> Quiroga, Cotacachi, Imbabura, Ecuador</p>','clasico','','',NULL,1,'2026-02-25 17:39:31','2026-02-25 17:39:31'),(34,'de prueba','de-prueba','\r\n            \r\n            <p>Escribe el contenido aquí...</p>                    ','clasico','','','[]',1,'2026-02-27 21:17:29','2026-02-27 21:17:55'),(35,'','','','clasico','','','[]',0,'2026-03-05 20:58:50','2026-03-05 20:58:50');

--
-- Table structure for table `rendicion_cuentas`
--

CREATE TABLE `rendicion_cuentas` (
  `id` int NOT NULL AUTO_INCREMENT,
  `anio` int NOT NULL,
  `obras_ejecutadas` int DEFAULT '0',
  `beneficiados` int DEFAULT '0',
  `monto_ejecutado` decimal(12,2) DEFAULT '0.00',
  `activo` tinyint(1) DEFAULT '1',
  PRIMARY KEY (`id`),
  UNIQUE KEY `anio` (`anio`)
) ENGINE=InnoDB AUTO_INCREMENT=4 DEFAULT CHARSET=utf8mb4 COLLATE=utf8mb4_unicode_ci;

--
-- Dumping data for table `rendicion_cuentas`
--

INSERT INTO `rendicion_cuentas` VALUES (1,2024,0,0,0.00,1),(2,2025,0,0,0.00,1),(3,2026,0,0,0.00,1);

--
-- Table structure for table `servicios`
--

CREATE TABLE `servicios` (
  `id` int NOT NULL AUTO_INCREMENT,
  `nombre` varchar(100) COLLATE utf8mb4_unicode_ci NOT NULL,
  `icono` varchar(100) COLLATE utf8mb4_unicode_ci DEFAULT NULL,
  `url` varchar(255) COLLATE utf8mb4_unicode_ci DEFAULT NULL,
  `orden` int DEFAULT '0',
  `activo` tinyint(1) DEFAULT '1',
  PRIMARY KEY (`id`)
) ENGINE=InnoDB AUTO_INCREMENT=5 DEFAULT CHARSET=utf8mb4 COLLATE=utf8mb4_unicode_ci;

--
-- Dumping data for table `servicios`
--

INSERT INTO `servicios` VALUES (1,'Solicitud/Trámite','documentos','/pagina/solicitud-informacion',1,1),(2,'Estado de Solicitud','estado-solicitud','/pagina/estado-solicitud',2,1),(3,'Aplicativos','comunicar','/pagina/aplicativos',3,1),(4,'Webmail','correo-electronico','https://webmail.gadquiroga.gob.ec/',4,1);

--
-- Table structure for table `slider`
--

CREATE TABLE `slider` (
  `id` int NOT NULL AUTO_INCREMENT,
  `titulo` varchar(200) COLLATE utf8mb4_unicode_ci DEFAULT NULL,
  `subtitulo` text COLLATE utf8mb4_unicode_ci,
  `imagen` varchar(255) COLLATE utf8mb4_unicode_ci DEFAULT NULL,
  `url` varchar(255) COLLATE utf8mb4_unicode_ci DEFAULT NULL,
  `orden` int DEFAULT '0',
  `activo` tinyint(1) DEFAULT '1',
  PRIMARY KEY (`id`)
) ENGINE=InnoDB AUTO_INCREMENT=4 DEFAULT CHARSET=utf8mb4 COLLATE=utf8mb4_unicode_ci;

--
-- Dumping data for table `slider`
--

INSERT INTO `slider` VALUES (1,'Sesión Solemne Conmemorativa','Quiroga tierra de Fé, Cultura y Tradición','banners/slide_1772744550.png','/pagina/historia-actual',1,1),(2,'GOBIERNO AUTONOMO DESCENTRALIZADO DE QUIROGA','Administración 2023-2027','banners/slide_1772744597.png','/pagina/nuestro-equipo',2,1),(3,'Nuestra Parroquia','Quiroga Tierra de Fé Cultura y Tradición','banners/slide_1772745045.png','/',1,0);

--
-- Table structure for table `submenus`
--

CREATE TABLE `submenus` (
  `id` int NOT NULL AUTO_INCREMENT,
  `menu_id` int NOT NULL,
  `nombre` varchar(100) COLLATE utf8mb4_unicode_ci NOT NULL,
  `url` varchar(255) COLLATE utf8mb4_unicode_ci DEFAULT NULL,
  `orden` int DEFAULT '0',
  `activo` tinyint(1) DEFAULT '1',
  PRIMARY KEY (`id`),
  KEY `menu_id` (`menu_id`),
  CONSTRAINT `submenus_ibfk_1` FOREIGN KEY (`menu_id`) REFERENCES `menus` (`id`) ON DELETE CASCADE
) ENGINE=InnoDB AUTO_INCREMENT=32 DEFAULT CHARSET=utf8mb4 COLLATE=utf8mb4_unicode_ci;

--
-- Dumping data for table `submenus`
--

INSERT INTO `submenus` VALUES (1,2,'Historia Antigua','/pagina/historia-antigua',1,1),(2,2,'Historia Actual','/pagina/historia-actual',2,1),(3,2,'Símbolos Cívicos','/pagina/simbolos-civicos',3,1),(4,2,'Ubicación','/pagina/ubicacion',4,1),(5,2,'Clima','/pagina/clima',5,1),(6,3,'Misión y Visión','/pagina/mision-vision',1,1),(7,3,'Nuestro Equipo','/pagina/nuestro-equipo',2,1),(8,3,'Máxima Autoridad','/pagina/maxima-autoridad',3,1),(9,3,'Plan de Desarrollo y Ord. Territorial','/pagina/pdot',4,1),(10,3,'Base Legal','/pagina/base-legal',5,1),(11,3,'Comisión','/pagina/comision',6,1),(12,4,'LOTAIP','/pagina/lotaip',1,1),(13,4,'Rendición de Cuentas','/pagina/rendicion-cuentas',2,1),(14,4,'Presupuesto Participativo','/pagina/presupuesto-participativo',3,1),(15,4,'Cumplimiento Institucional','/pagina/cumplimiento-institucional',4,1),(16,4,'Distributivo de Personal','/pagina/distributivo-personal',5,1),(17,5,'Sesiones Ordinarias','/pagina/sesiones-ordinarias',1,1),(18,5,'Sesiones Extraordinarias','/pagina/sesiones-extraordinarias',2,1),(19,5,'Resoluciones','/pagina/resoluciones',3,1),(20,5,'Convocatorias','/pagina/convocatorias',4,1),(21,5,'PDOT','/pagina/pdot',5,1),(22,5,'Plan Anual Contratación - PAC','/pagina/pac',6,1),(23,5,'Plan Operativo Anual - POA','/pagina/poa',7,1),(24,5,'Información Presupuestaria','/pagina/presupuesto-institucional',8,1),(25,5,'Procesos de Contratación','/pagina/procesos-de-contratacion',9,1),(26,5,'Obras y Proyectos','/pagina/obras-proyectos',10,1),(27,5,'Convenios Institucionales','/pagina/convenios',11,1),(28,6,'Solicitud de Acceso a Información Pública','/pagina/solicitud-informacion',1,1),(31,7,'de prueba','/pagina/de-prueba',1,1);


